 i(c) = c**2 - 4*c + 4. Let j be i(8). Let z = m - j. What is the tens digit of z?
1
Suppose -5*b = q - 66, 2*b + 0*q + 2*q = 20. Let s = -4 + b. What is the units digit of s?
0
Let s(c) = 2*c**2 - 13*c + 13. Let r be s(9). Suppose r = -0*w + 2*w. What is the tens digit of w?
2
Suppose 11 = 4*j - 9. What is the units digit of j?
5
Suppose 12 = 2*i + 4. Suppose 5*n - 2*k = 3*n + 22, n + i*k - 6 = 0. What is the tens digit of n?
1
Let x(p) = -2*p**2 + 6*p. Suppose 2*n + 0 - 10 = 0. Let h be x(n). What is the units digit of 1*2*h/(-8)?
5
Let o be ((-4)/(-5))/(2/20). Let v = o - -11. What is the tens digit of v?
1
Let i(y) = 7*y + 4. What is the tens digit of i(3)?
2
Let u = 2 - 1. Let j(l) = l. Let a be j(u). Let t(n) = 4*n**2 - 2*n + 1. What is the units digit of t(a)?
3
Let y be -2 + 1 + -14 + 1. Let z = 34 + y. Let a = 30 - z. What is the tens digit of a?
1
Let l = -2 + 0. Let v be l*(1/(-2) + 2). What is the units digit of (-19)/v - (-2)/3?
7
Let d be 20/(-8)*(2 + -12). Suppose 80 + d = 3*i. What is the tens digit of i?
3
Let h(z) = 6*z + 13. Let i be h(-10). Let t = -27 - i. What is the units digit of t?
0
Suppose -2*y + 5*y = 0. Suppose r = -y*r + 5. Suppose r*x - 15 = -3*d, 5 + 0 = d - 2*x. What is the units digit of d?
5
Let a(y) = 5*y**2 + 2. What is the units digit of a(2)?
2
Let p = 101 - 69. Let u = -17 + p. What is the units digit of u?
5
Suppose k - 6 = 6. What is the units digit of k?
2
Let w = -20 - -64. Suppose -2*j + w = 2. What is the units digit of j?
1
Suppose -152 = -5*w + 8. What is the units digit of w?
2
Let u(w) = -w**2 - 16*w - 15. What is the tens digit of u(-11)?
4
Suppose k = 5*k + 24. Let n be (30 - k/(-2)) + -3. Suppose -i + n = i. What is the units digit of i?
2
Let r = -17 + 3. What is the units digit of (-4)/r - 430/(-14)?
1
Suppose 0 = -z + 1 + 2. Suppose -z*p - 10 = -2*p + 4*q, -q - 7 = -2*p. What is the units digit of p?
2
Suppose 10 = q - 11. What is the tens digit of q?
2
Let y(n) = -n + 2. Let c be y(0). Suppose -3*a = 5*f + 9 + 2, 5*f + 14 = -c*a. What is the units digit of (-26)/(-7) - f/14?
4
Let i(c) = 0 - 4*c**2 + 11*c**2 - 5 + 5*c + c**3. What is the units digit of i(-6)?
1
Let p = -61 + 70. What is the units digit of p?
9
Let k(s) = 6*s. Let g(h) = -h - 1. Let l(x) = 3*g(x) + k(x). What is the units digit of l(4)?
9
Let c(a) = 2*a**2 - 2*a - 1. Let i be c(-1). Let t = i + -7. Let h = -1 - t. What is the units digit of h?
3
Let a = -56 + 95. What is the units digit of a?
9
Let d = -247 - -612. What is the tens digit of d?
6
Let j(a) = -a**2 - 5*a - 4. Let l be j(-5). Let d(m) = -m**2 - 6*m. Let y be d(l). Let v = y + -5. What is the units digit of v?
3
Suppose 3*k = 6, -156 = -4*s + k + k. Suppose -2*x = 4 - s. What is the units digit of x?
8
Suppose -4*o + 85 = -15. Suppose -5*r + o = 0, 5*h - 4*r - 5 - 10 = 0. Let n = 3 + h. What is the tens digit of n?
1
Let h(c) = -139*c - 3. What is the hundreds digit of h(-1)?
1
What is the tens digit of -1*(142 + 2)/(-4)?
3
Suppose 5*x - 923 = 22. What is the tens digit of x?
8
Let r(z) = z**2 - 14*z - 2. Let o be r(12). What is the units digit of 4/o - (-1182)/78?
5
Let y = -4 - -9. Suppose y*f - 21 = -6. Suppose 7 = -f*q + 4*q. What is the units digit of q?
7
Let q(j) = -12*j**3 + 2*j**2 + j. Let z be q(-1). Suppose 0*x = -x + 2*c - 4, 0 = -3*x + c + z. What is the units digit of x?
6
Suppose -i - 723 = -3*o, -101 = -o + i + 138. What is the tens digit of o?
4
Suppose 0 = -4*m - 0*m - 16, -2*a - 4*m + 504 = 0. What is the hundreds digit of a?
2
Let m(o) be the third derivative of o**5/30 + o**4/6 + 4*o**2. What is the tens digit of m(4)?
4
Suppose 157 + 39 = 4*n. What is the units digit of n?
9
Suppose -4*r + 2*r = -104. What is the units digit of r?
2
Let y = -7 - 5. Let j be (15/(-2))/((-6)/y). Let x = j - -21. What is the units digit of x?
6
Let i be (0 + 1)/((-1)/6). Let g(a) = -a**2 - 12*a - 6. Let n be g(i). Suppose 4*m - 2*m = n. What is the units digit of m?
5
Let v(z) = 6*z**2 - 2*z - 1. Let f be v(-1). Suppose -4*h + 9 + 3 = 0. Let p = h + f. What is the tens digit of p?
1
Let q = 322 - 227. What is the units digit of q?
5
Suppose -1 = -i + 8. Suppose 0*j - j + i = 0. What is the units digit of j?
9
Let p = 0 + 13. What is the units digit of p?
3
Let m(x) = -x**3 - x + 38. What is the units digit of m(0)?
8
Suppose 48 + 17 = n. What is the tens digit of n?
6
Let g(r) = 4*r**3 - r**2 + r + 2. Let k = -14 - -16. What is the tens digit of g(k)?
3
Suppose -4*n = -4*c - 172, 3*n - c - 5 - 122 = 0. What is the units digit of n?
2
Suppose 0 = 8*i - 3*i + j - 198, -3*j = 2*i - 87. What is the tens digit of i?
3
Suppose 4*s - s - 393 = 0. What is the hundreds digit of s?
1
Let b(f) = f**3 - 10*f**2 - 12*f + 16. Let h be b(11). Suppose -3*o + 89 = -5*d, -2*o + 60 = -h*d + 2*d. What is the units digit of o?
3
Suppose -4*k + 12 = 0, -3*z + 4*k = z - 52. Let s = 6 - z. What is the tens digit of 3/(6/s)*-2?
1
Let g = 31 - -16. What is the units digit of g?
7
Suppose -d = -4*u - 6*d - 7, -3*u = -3*d + 39. Let g = 7 + u. Let l = g + 2. What is the units digit of l?
1
Suppose -10*t - t = -2189. What is the units digit of t?
9
Let c(q) = -q**2 - q - 4. Let i = -7 + 4. Let o be c(i). Let d = -7 - o. What is the units digit of d?
3
Let h(f) = -1 - 2 - f**2 + 6*f - 2*f. Let p be h(4). Let u = 6 + p. What is the units digit of u?
3
Let r be (0 + 0)*(-6 + 5). Suppose 51 = 5*o - 3*k, r*o - k - 9 = -o. What is the units digit of o?
2
Suppose -7*d + 4*d = -12. Suppose -d*x + 4*c + 8 = 0, 0*c + 3*c = -3*x. What is the units digit of x?
1
Let k(c) = 13*c + 1. Suppose z + z + 3 = t, -4*z = 3*t - 19. What is the units digit of k(z)?
4
Suppose -409 = -5*p + 3*h - 122, 2*h = -8. What is the tens digit of p?
5
Suppose -5*q = -4*q - 156. What is the hundreds digit of q?
1
Let b = -6 + 7. What is the units digit of b?
1
Suppose -p - 9 = 2*z - 0*p, 3*z = p - 26. Let l be 50/((-2)/1) + -3. What is the units digit of (-51)/z - (-8)/l?
7
Let i be (-9 - 1)*(-6)/12. Suppose 0 = 2*y + 8, 4*g + 0 - 20 = -i*y. What is the units digit of g?
0
What is the tens digit of (492/(-7))/((-4)/14)?
4
Suppose -3*v - 10 + 1 = 0. What is the units digit of (0 - -3)/v - -7?
6
Let l = 10 - -19. What is the units digit of l?
9
Let k = -17 + 34. What is the units digit of k?
7
Suppose -5*h - 17 = 18. Let t = h - -8. Suppose -t = -c + 7. What is the units digit of c?
8
Let u be (2/(-4))/(1/(-6)). What is the units digit of 1/(u/(-24)*-4)?
2
Suppose -4*l = -8, -3*i + 0*l + 93 = 3*l. What is the units digit of i?
9
Let m be ((-6)/12)/(2/(-20)). Suppose m*r - 5*g - 30 = 0, -5*r = g - 4*g - 22. Suppose 0 = -i + r*i - 3. What is the units digit of i?
3
Let k be (-746)/(-14) + (-8)/28. Let n = 99 - k. What is the units digit of n?
6
Suppose -6*u = -4*u + 10. Let b be (u + (-1 - -3))*-2. Let s = -4 + b. What is the units digit of s?
2
Suppose 16 = 4*p + 2*l, 2*p + 4*l - 12 = 2*l. Let t(m) = 0 + m**3 - 3 + 1. What is the units digit of t(p)?
6
Suppose -29*o + 23*o = -504. What is the units digit of o?
4
What is the tens digit of 575/30 - -3*1/(-18)?
1
Let j = 195 + -57. What is the units digit of j?
8
Let c = -2 - -4. Suppose -i = 5*y - 4 - 6, 26 = c*y - 4*i. What is the units digit of -1 + 5 - 6/y?
2
Suppose v + 0*m = 3*m + 30, 3*v = 4*m + 100. What is the tens digit of v?
3
Suppose 263 = 2*p + 3. What is the units digit of p?
0
Let g(j) = -j**3 + 5*j**2 - 5*j + 5. Let i be g(4). What is the units digit of (i + 1)/((-1)/(-2))?
4
Let r(p) = p - 1. Let o be r(3). Let m be ((-8)/(-6))/(o/3). What is the units digit of 2*5/m - 2?
3
Suppose 0*l + 3*l = 147. What is the units digit of l?
9
Let f = -2 + 4. Suppose -4*t + f*t = -10. What is the units digit of t?
5
Suppose 0*h = -5*h + 140. What is the units digit of h?
8
Let g(q) = 61*q. What is the hundreds digit of g(2)?
1
Suppose -5*y = -2*w + 685, 7*y + 695 = 2*y + 4*w. What is the tens digit of 12/(-42) - y/7?
1
Let t(u) = 30*u**2 - u. Let c be t(-1). Suppose -c = -2*n - i, 0 = -5*n - 2*i + 90 - 14. What is the units digit of ((-3)/(-3))/(2/n)?
7
Let d be (28/(-8))/((-2)/4). Let t = 14 - d. What is the units digit of t?
7
Let o(z) = -4*z - 2. Let s be o(-1). What is the units digit of s/1*(-102)/(-4)?
1
Let u = 4 + -3. Let z(x) = 11*x**3 - 2*x**2 + x. Let r be z(u